{"id":6304,"date":"2021-12-05T23:40:43","date_gmt":"2021-12-05T23:40:43","guid":{"rendered":"https:\/\/pruebas.nouensemble.com\/event\/systema-naturae\/"},"modified":"2021-12-05T23:40:43","modified_gmt":"2021-12-05T23:40:43","slug":"systema-naturae","status":"publish","type":"tribe_events","link":"https:\/\/www.schallfeldensemble.com\/de\/event\/systema-naturae\/","title":{"rendered":"Systema Naturae"},"content":{"rendered":"<p>Mauro Lanza\/ Andrea Valle<\/p>\n<p><strong>Regnum animale<\/strong> (2013) for string trio and electromechanical objects<br \/>\n<strong>Regnum vegetabile<\/strong> (2014) for sextet and electromechanical objects<br \/>\n<strong>Regnum lapideum<\/strong> (2016) for ensemble and electromechanical objects<br \/>\n<strong>Fossilia<\/strong> (2016\/17) for 10 musicians and electromechanical objects<\/p>\n<p>&nbsp;<\/p>\n<div id=\"attachment_2672\" style=\"width: 963px\" class=\"wp-caption alignnone\"><img loading=\"lazy\" decoding=\"async\" aria-describedby=\"caption-attachment-2672\" class=\"wp-image-2672 size-large\" src=\"http:\/\/www.schallfeldensemble.com\/wp-content\/uploads\/2017\/12\/11647024386_ffb2dc007d_o-1-1024x681.jpg\" alt=\"\" width=\"953\" height=\"634\" \/><p id=\"caption-attachment-2672\" class=\"wp-caption-text\">\u00a9 Carlo Ciceri \/ Repertorio Zero<\/p><\/div>\n<p>&nbsp;<\/p>\n<p>&nbsp;<\/p>\n<p>2013 begannen die beiden Komponisten Mauro Lanza und Andrea Valle ihre Zusammenarbeit an dem vierteiligen Zyklus Systema Naturae: ein monumentales Werk, das in vier Kapiteln (\u00bbTierreich\u00ab, \u00bbPflanzenreich\u00ab, \u00bbGesteine\u00ab und \u00bbFossilien\u00ab) die aus dem Mittelalter stammende Klassifizierung der Natur aufgreift und Neue Musik mit einer Installation \u201elebendiger Maschinen\u201c verkn\u00fcpft. Die Kl\u00e4nge akustischer Instrumente werden mit Ger\u00e4uschen von alten Haushaltsger\u00e4ten verschmolzen, es entsteht ein musikalisch-mechanischer Meta-Organismus, der eine erfundene Natur zum klanglichen Leben erweckt und in der Tradition der italienischen Futuristen ein vergn\u00fcgt-bizarres \u00bbGer\u00e4uschorchester\u00ab formt.<br \/>\nDas Grazer Ensemble Schallfeld bringt dieses au\u00dfergew\u00f6hnliche Werk erstmals nach \u00d6sterreich. Die Auff\u00fchrung findet am 18. Januar um 1930h in der Ausstellungshalle des Freien Atelierhauses Schaumbad in Graz statt \u2013 der perfekte Rahmen f\u00fcr eine ganz besondere Performance, die Konzert mit Installation und Objekttheater verbindet<\/p>\n<div class=\"column\">\n<p><strong>18.01.2018, 19:30\u00a0<\/strong><strong>Schaum<\/strong><strong>bad\u00a0<\/strong>Puchstra\u00dfe 41, 8010 Graz<\/p>\n<p><iframe loading=\"lazy\" style=\"border: 0;\" src=\"https:\/\/www.google.com\/maps\/embed?pb=!1m14!1m8!1m3!1d10874.167414690864!2d15.436368!3d47.0492202!3m2!1i1024!2i768!4f13.1!3m3!1m2!1s0x0%3A0x42eeb193cf59a925!2sSchaumbad!5e0!3m2!1sen!2sat!4v1512386162261\" width=\"600\" height=\"450\" frameborder=\"0\" allowfullscreen=\"allowfullscreen\"><\/iframe><\/p>\n<\/div>\n","protected":false},"excerpt":{"rendered":"<p>Mauro Lanza\/ Andrea Valle Regnum animale (2013) for string trio and electromechanical objects Regnum vegetabile (2014) for sextet and electromechanical objects Regnum lapideum (2016) for ensemble and electromechanical objects Fossilia [&hellip;]<\/p>\n<p><a href=\"https:\/\/www.schallfeldensemble.com\/de\/event\/systema-naturae\/\" class=\"more-link style3-button\">Weiterlesen<\/a><\/p>","protected":false},"author":2,"featured_media":0,"template":"","meta":{"_tribe_events_status":"","_tribe_events_status_reason":"","footnotes":""},"tags":[],"tribe_events_cat":[],"class_list":["post-6304","tribe_events","type-tribe_events","status-publish","hentry"],"_links":{"self":[{"href":"https:\/\/www.schallfeldensemble.com\/de\/wp-json\/wp\/v2\/tribe_events\/6304","targetHints":{"allow":["GET"]}}],"collection":[{"href":"https:\/\/www.schallfeldensemble.com\/de\/wp-json\/wp\/v2\/tribe_events"}],"about":[{"href":"https:\/\/www.schallfeldensemble.com\/de\/wp-json\/wp\/v2\/types\/tribe_events"}],"author":[{"embeddable":true,"href":"https:\/\/www.schallfeldensemble.com\/de\/wp-json\/wp\/v2\/users\/2"}],"version-history":[{"count":0,"href":"https:\/\/www.schallfeldensemble.com\/de\/wp-json\/wp\/v2\/tribe_events\/6304\/revisions"}],"wp:attachment":[{"href":"https:\/\/www.schallfeldensemble.com\/de\/wp-json\/wp\/v2\/media?parent=6304"}],"wp:term":[{"taxonomy":"post_tag","embeddable":true,"href":"https:\/\/www.schallfeldensemble.com\/de\/wp-json\/wp\/v2\/tags?post=6304"},{"taxonomy":"tribe_events_cat","embeddable":true,"href":"https:\/\/www.schallfeldensemble.com\/de\/wp-json\/wp\/v2\/tribe_events_cat?post=6304"}],"curies":[{"name":"wp","href":"https:\/\/api.w.org\/{rel}","templated":true}]}}

<p>Mauro Lanza/ Andrea Valle</p>
<p><strong>Regnum animale</strong> (2013) for string trio and electromechanical objects<br />
<strong>Regnum vegetabile</strong> (2014) for sextet and electromechanical objects<br />
<strong>Regnum lapideum</strong> (2016) for ensemble and electromechanical objects<br />
<strong>Fossilia</strong> (2016/17) for 10 musicians and electromechanical objects</p>
<p>&nbsp;</p>
<div id="attachment_2672" style="width: 963px" class="wp-caption alignnone"><img loading="lazy" decoding="async" aria-describedby="caption-attachment-2672" class="wp-image-2672 size-large" src="http://www.schallfeldensemble.com/wp-content/uploads/2017/12/11647024386_ffb2dc007d_o-1-1024x681.jpg" alt="" width="953" height="634" /><p id="caption-attachment-2672" class="wp-caption-text">© Carlo Ciceri / Repertorio Zero</p></div>
<p>&nbsp;</p>
<p>&nbsp;</p>
<p>2013 begannen die beiden Komponisten Mauro Lanza und Andrea Valle ihre Zusammenarbeit an dem vierteiligen Zyklus Systema Naturae: ein monumentales Werk, das in vier Kapiteln (»Tierreich«, »Pflanzenreich«, »Gesteine« und »Fossilien«) die aus dem Mittelalter stammende Klassifizierung der Natur aufgreift und Neue Musik mit einer Installation „lebendiger Maschinen“ verknüpft. Die Klänge akustischer Instrumente werden mit Geräuschen von alten Haushaltsgeräten verschmolzen, es entsteht ein musikalisch-mechanischer Meta-Organismus, der eine erfundene Natur zum klanglichen Leben erweckt und in der Tradition der italienischen Futuristen ein vergnügt-bizarres »Geräuschorchester« formt.<br />
Das Grazer Ensemble Schallfeld bringt dieses außergewöhnliche Werk erstmals nach Österreich. Die Aufführung findet am 18. Januar um 1930h in der Ausstellungshalle des Freien Atelierhauses Schaumbad in Graz statt – der perfekte Rahmen für eine ganz besondere Performance, die Konzert mit Installation und Objekttheater verbindet</p>
<div class="column">
<p><strong>18.01.2018, 19:30 </strong><strong>Schaum</strong><strong>bad </strong>Puchstraße 41, 8010 Graz</p>
<p><iframe loading="lazy" style="border: 0;" src="https://www.google.com/maps/embed?pb=!1m14!1m8!1m3!1d10874.167414690864!2d15.436368!3d47.0492202!3m2!1i1024!2i768!4f13.1!3m3!1m2!1s0x0%3A0x42eeb193cf59a925!2sSchaumbad!5e0!3m2!1sen!2sat!4v1512386162261" width="600" height="450" frameborder="0" allowfullscreen="allowfullscreen"></iframe></p>
</div>
