{"id":6331,"date":"2021-12-06T00:17:56","date_gmt":"2021-12-06T00:17:56","guid":{"rendered":"https:\/\/pruebas.nouensemble.com\/event\/konzert-in-forum-stadtpark\/"},"modified":"2021-12-06T00:17:56","modified_gmt":"2021-12-06T00:17:56","slug":"konzert-in-forum-stadtpark","status":"publish","type":"tribe_events","link":"https:\/\/www.schallfeldensemble.com\/de\/event\/konzert-in-forum-stadtpark\/","title":{"rendered":"Konzert in Forum Stadtpark"},"content":{"rendered":"<h1>Ausgangslage #8 &#8211; Schallfeld im Forum<\/h1>\n<p><a href=\"http:\/\/schallfeld.weblog.mur.at\/schallfeld\/uploads\/2014\/05\/p1010423.jpg\"><img loading=\"lazy\" decoding=\"async\" class=\"alignleft wp-image-970 size-medium\" src=\"http:\/\/schallfeld.weblog.mur.at\/schallfeld\/uploads\/2014\/05\/p1010423-300x225.jpg\" alt=\"p1010423\" width=\"300\" height=\"225\" \/><\/a><\/p>\n<h2><strong style=\"color: #000000;\">Eine Nacht mit Musik und Video<\/strong><\/h2>\n<p>WAS ist ein Konzert? Ist es eine Pr\u00e4sentation k\u00fcnstlerischer Leistungen? Kommunikation zwischen H\u00f6rern und Spielenden? Ein sozialer Treffpunkt? Elit\u00e4re Veranstaltung f\u00fcr Besserwisser? Was wollen wir h\u00f6ren, sehen, f\u00fchlen, wenn wir ein Konzert besuchen? \u00a0 Ein Konzert ist nur ein kurzer Moment auf einem langen Weg k\u00fcnstlerischer Arbeit. Mit diesem Projekt wollen wir unser Publikum an diesem Prozess teilhaben lassen. Als Partner haben wir den Grazer Videok\u00fcnstler Peter Venus eingeladen, mit uns zusammenzuarbeiten und unsere Arbeit zu begleiten. In einem Kontrapunkt aus Musik und Bild entsteht eine installative Performance. Statt eines \u201cEvents\u201d schaffen wir einen Raum, wo sich Publikum und K\u00fcnstlerInnen aufhalten, begegnen, austauschen, verweilen k\u00f6nnen. \u00a0 Mit zwei Werken von Franck Bedrossian und Francesco Filidei stellen wir Musik von Komponisten der \u201cmittleren Generation\u201d vor, deren Musik wir gerne einmal in Graz h\u00f6ren wollen. Daneben stehen Werke von KomponistInnen, die Mitglieder von Schallfeld sind.<\/p>\n<p>In einer <strong>offenen Probe<\/strong>, Gespr\u00e4chen und einem <strong>Vortrag<\/strong> mit den Komponisten bieten wir vorab Einblicke in unsere Arbeit.<\/p>\n<h3>Programm:<\/h3>\n<p>ANDR\u00c9S GUTIERREZ \u2013 <strong>I\/O\u00a0(UA)<\/strong><\/p>\n<p>LORENZO ROMANO \u2013 <strong>Time Killer (UA)<\/strong><\/p>\n<p>ANAHITA ABBASI \u2013 <strong>Faab IV: A Femme Fatale\u00a0(UA)<\/strong><\/p>\n<p>JOHANNES MARIA STAUD &#8211; <strong>Lagrein<\/strong><\/p>\n<p>FRANCESCO FILIDEI \u2013 <strong>Corde Vuote<\/strong><\/p>\n<p>FRANCK BEDROSSIAN \u2013 <strong>It<\/strong><\/p>\n<h3><strong>MusikerInnen<\/strong><\/h3>\n<p>Elisa Azzar\u00e0 (Fl\u00f6te) Szil\u00e1rd Benes (Klarinete) Matej Bunderla (Saxophone) Patrick Skrilecz (Klavier) Maria Flavia Cerrato (Klavier) Lorenzo Derinni (Violine) Myriam Garc\u00eda Fidalgo (Cello) Margarethe Maierhofer-Lischka (Kontrabass) Leonhard Garms (Dirigent)<\/p>\n<p><strong>KONZERT<\/strong> <strong>\u00a0<\/strong> <strong>Mittwoch, 18. Juni 2014, 20.00 Uhr <\/strong> <strong>Forum Stadtpark. Stadtpark 1, 8010, Graz.<\/strong><\/p>\n<p><strong>Eintritt <\/strong><strong>\u20ac<\/strong><strong> 8.- \/ <\/strong><strong>\u20ac<\/strong><strong> 5.- (<\/strong>fu\u0308r StudentInnen an der Abendkassa) <strong>\u00a0<\/strong><\/p>\n","protected":false},"excerpt":{"rendered":"<p>Ausgangslage #8 &#8211; Schallfeld im Forum Eine Nacht mit Musik und Video WAS ist ein Konzert? Ist es eine Pr\u00e4sentation k\u00fcnstlerischer Leistungen? Kommunikation zwischen H\u00f6rern und Spielenden? Ein sozialer Treffpunkt? [&hellip;]<\/p>\n<p><a href=\"https:\/\/www.schallfeldensemble.com\/de\/event\/konzert-in-forum-stadtpark\/\" class=\"more-link style3-button\">Weiterlesen<\/a><\/p>","protected":false},"author":1,"featured_media":0,"template":"","meta":{"_tribe_events_status":"","_tribe_events_status_reason":"","footnotes":""},"tags":[],"tribe_events_cat":[],"class_list":["post-6331","tribe_events","type-tribe_events","status-publish","hentry"],"_links":{"self":[{"href":"https:\/\/www.schallfeldensemble.com\/de\/wp-json\/wp\/v2\/tribe_events\/6331","targetHints":{"allow":["GET"]}}],"collection":[{"href":"https:\/\/www.schallfeldensemble.com\/de\/wp-json\/wp\/v2\/tribe_events"}],"about":[{"href":"https:\/\/www.schallfeldensemble.com\/de\/wp-json\/wp\/v2\/types\/tribe_events"}],"author":[{"embeddable":true,"href":"https:\/\/www.schallfeldensemble.com\/de\/wp-json\/wp\/v2\/users\/1"}],"version-history":[{"count":0,"href":"https:\/\/www.schallfeldensemble.com\/de\/wp-json\/wp\/v2\/tribe_events\/6331\/revisions"}],"wp:attachment":[{"href":"https:\/\/www.schallfeldensemble.com\/de\/wp-json\/wp\/v2\/media?parent=6331"}],"wp:term":[{"taxonomy":"post_tag","embeddable":true,"href":"https:\/\/www.schallfeldensemble.com\/de\/wp-json\/wp\/v2\/tags?post=6331"},{"taxonomy":"tribe_events_cat","embeddable":true,"href":"https:\/\/www.schallfeldensemble.com\/de\/wp-json\/wp\/v2\/tribe_events_cat?post=6331"}],"curies":[{"name":"wp","href":"https:\/\/api.w.org\/{rel}","templated":true}]}}

<h1>Ausgangslage #8 &#8211; Schallfeld im Forum</h1>
<p><a href="http://schallfeld.weblog.mur.at/schallfeld/uploads/2014/05/p1010423.jpg"><img loading="lazy" decoding="async" class="alignleft wp-image-970 size-medium" src="http://schallfeld.weblog.mur.at/schallfeld/uploads/2014/05/p1010423-300x225.jpg" alt="p1010423" width="300" height="225" /></a></p>
<h2><strong style="color: #000000;">Eine Nacht mit Musik und Video</strong></h2>
<p>WAS ist ein Konzert? Ist es eine Präsentation künstlerischer Leistungen? Kommunikation zwischen Hörern und Spielenden? Ein sozialer Treffpunkt? Elitäre Veranstaltung für Besserwisser? Was wollen wir hören, sehen, fühlen, wenn wir ein Konzert besuchen?   Ein Konzert ist nur ein kurzer Moment auf einem langen Weg künstlerischer Arbeit. Mit diesem Projekt wollen wir unser Publikum an diesem Prozess teilhaben lassen. Als Partner haben wir den Grazer Videokünstler Peter Venus eingeladen, mit uns zusammenzuarbeiten und unsere Arbeit zu begleiten. In einem Kontrapunkt aus Musik und Bild entsteht eine installative Performance. Statt eines “Events” schaffen wir einen Raum, wo sich Publikum und KünstlerInnen aufhalten, begegnen, austauschen, verweilen können.   Mit zwei Werken von Franck Bedrossian und Francesco Filidei stellen wir Musik von Komponisten der “mittleren Generation” vor, deren Musik wir gerne einmal in Graz hören wollen. Daneben stehen Werke von KomponistInnen, die Mitglieder von Schallfeld sind.</p>
<p>In einer <strong>offenen Probe</strong>, Gesprächen und einem <strong>Vortrag</strong> mit den Komponisten bieten wir vorab Einblicke in unsere Arbeit.</p>
<h3>Programm:</h3>
<p>ANDRÉS GUTIERREZ – <strong>I/O (UA)</strong></p>
<p>LORENZO ROMANO – <strong>Time Killer (UA)</strong></p>
<p>ANAHITA ABBASI – <strong>Faab IV: A Femme Fatale (UA)</strong></p>
<p>JOHANNES MARIA STAUD &#8211; <strong>Lagrein</strong></p>
<p>FRANCESCO FILIDEI – <strong>Corde Vuote</strong></p>
<p>FRANCK BEDROSSIAN – <strong>It</strong></p>
<h3><strong>MusikerInnen</strong></h3>
<p>Elisa Azzarà (Flöte) Szilárd Benes (Klarinete) Matej Bunderla (Saxophone) Patrick Skrilecz (Klavier) Maria Flavia Cerrato (Klavier) Lorenzo Derinni (Violine) Myriam García Fidalgo (Cello) Margarethe Maierhofer-Lischka (Kontrabass) Leonhard Garms (Dirigent)</p>
<p><strong>KONZERT</strong> <strong> </strong> <strong>Mittwoch, 18. Juni 2014, 20.00 Uhr </strong> <strong>Forum Stadtpark. Stadtpark 1, 8010, Graz.</strong></p>
<p><strong>Eintritt </strong><strong>€</strong><strong> 8.- / </strong><strong>€</strong><strong> 5.- (</strong>für StudentInnen an der Abendkassa) <strong> </strong></p>

<p>Ausgangslage #8 &#8211; Schallfeld im Forum Eine Nacht mit Musik und Video WAS ist ein Konzert? Ist es eine Präsentation künstlerischer Leistungen? Kommunikation zwischen Hörern und Spielenden? Ein sozialer Treffpunkt? [&hellip;]</p>
<p><a href="https://www.schallfeldensemble.com/de/event/konzert-in-forum-stadtpark/" class="more-link style3-button">Weiterlesen</a></p>
