{"id":6333,"date":"2021-12-06T00:21:19","date_gmt":"2021-12-06T00:21:19","guid":{"rendered":"https:\/\/pruebas.nouensemble.com\/event\/hokuspokus-musikus-eine-szenisch-musikalische-zaubergeschichte\/"},"modified":"2023-04-21T08:52:56","modified_gmt":"2023-04-21T06:52:56","slug":"hokuspokus-musikus-eine-szenisch-musikalische-zaubergeschichte","status":"publish","type":"tribe_events","link":"https:\/\/www.schallfeldensemble.com\/de\/event\/hokuspokus-musikus-eine-szenisch-musikalische-zaubergeschichte\/","title":{"rendered":"Hokuspokus Musikus &#8211; eine szenisch-musikalische Zaubergeschichte"},"content":{"rendered":"<p class=\"western\" lang=\"de-DE\" style=\"margin-bottom: 0cm;\"><span style=\"font-family: Arial,sans-serif;\">Sophie belauscht zuf\u00e4llig einen geheimen Hexenkongress, bei dem die Hexen b\u00f6se Pl\u00e4ne schmieden. Zum Gl\u00fcck gibt es aber nicht nur b\u00f6se Hexen \u2013 das wei\u00df Sophie, denn sie hat viel \u00fcber Hexen gelesen. Und so macht sich unsere Heldin auf, um Hexen zu suchen, die ihr dabei helfen, die b\u00f6sen Zauberspr\u00fcche in gute zu verwandeln.<\/span><\/p>\n<p class=\"western\" lang=\"de-DE\" style=\"margin-bottom: 0cm;\"><span style=\"font-family: Arial,sans-serif;\">Wird es ihr gelingen?<\/span><\/p>\n<p class=\"western\" lang=\"de-DE\" style=\"margin-bottom: 0cm;\"><span style=\"font-family: Arial,sans-serif;\">Das Ensemble Schallfeld pr\u00e4sentiert mit \u201eHokuspokus Musikus\u201c ein neues Musiktheaterst\u00fcck voller \u201ezauberhafter\u201c Kl\u00e4nge, inspiriert von der fantastischen Bilderwelt bekannter Kinderbuchklassiker. Das Projekt wird erm\u00f6glicht durch Unterst\u00fctzung des EU-F\u00f6rderprogramms \u201eJugend in Aktion\u201c.<\/span><\/p>\n<p class=\"western\" lang=\"de-DE\" style=\"margin-bottom: 0cm;\"><span style=\"font-family: Arial,sans-serif;\">Geeignet f\u00fcr Kinder ab 6 Jahren<\/span><\/p>\n<p class=\"western\" lang=\"de-DE\" style=\"margin-bottom: 0cm;\"><em><span style=\"font-family: Arial,sans-serif;\"><span lang=\"en-GB\">Dieses Projekt wurde mit Unterst\u00fctzung der Europ\u00e4ischen Kommission finanziert. Die Verantwortung f\u00fcr den Inhalt dieser Ver\u00f6ffentlichung (Mitteilung) tr\u00e4gt allein der Verfasser; die Kommission haftet nicht f\u00fcr die weitere Verwendung der darin enthaltenen Angaben.<\/span><\/span><\/em><\/p>\n<p class=\"western\" lang=\"de-DE\" style=\"margin-bottom: 0cm;\"><em><span style=\"font-family: Arial,sans-serif;\"><span lang=\"en-GB\">Wir bedanken uns bei unseren F\u00f6rderern und Partnern, ohne die dieses Projekt nicht m\u00f6glich w\u00e4re.<\/span><\/span><\/em><\/p>\n<p style=\"line-height: 21px; color: #444444; font-size: 15px;\">\n","protected":false},"excerpt":{"rendered":"<p>Sophie belauscht zuf\u00e4llig einen geheimen Hexenkongress, bei dem die Hexen b\u00f6se Pl\u00e4ne schmieden. Zum Gl\u00fcck gibt es aber nicht nur b\u00f6se Hexen \u2013 das wei\u00df Sophie, denn sie hat viel [&hellip;]<\/p>\n<p><a href=\"https:\/\/www.schallfeldensemble.com\/de\/event\/hokuspokus-musikus-eine-szenisch-musikalische-zaubergeschichte\/\" class=\"more-link style3-button\">Weiterlesen<\/a><\/p>","protected":false},"author":1,"featured_media":0,"template":"","meta":{"_tribe_events_status":"","_tribe_events_status_reason":"","footnotes":""},"tags":[],"tribe_events_cat":[],"class_list":["post-6333","tribe_events","type-tribe_events","status-publish","hentry"],"_links":{"self":[{"href":"https:\/\/www.schallfeldensemble.com\/de\/wp-json\/wp\/v2\/tribe_events\/6333","targetHints":{"allow":["GET"]}}],"collection":[{"href":"https:\/\/www.schallfeldensemble.com\/de\/wp-json\/wp\/v2\/tribe_events"}],"about":[{"href":"https:\/\/www.schallfeldensemble.com\/de\/wp-json\/wp\/v2\/types\/tribe_events"}],"author":[{"embeddable":true,"href":"https:\/\/www.schallfeldensemble.com\/de\/wp-json\/wp\/v2\/users\/1"}],"version-history":[{"count":1,"href":"https:\/\/www.schallfeldensemble.com\/de\/wp-json\/wp\/v2\/tribe_events\/6333\/revisions"}],"predecessor-version":[{"id":7301,"href":"https:\/\/www.schallfeldensemble.com\/de\/wp-json\/wp\/v2\/tribe_events\/6333\/revisions\/7301"}],"wp:attachment":[{"href":"https:\/\/www.schallfeldensemble.com\/de\/wp-json\/wp\/v2\/media?parent=6333"}],"wp:term":[{"taxonomy":"post_tag","embeddable":true,"href":"https:\/\/www.schallfeldensemble.com\/de\/wp-json\/wp\/v2\/tags?post=6333"},{"taxonomy":"tribe_events_cat","embeddable":true,"href":"https:\/\/www.schallfeldensemble.com\/de\/wp-json\/wp\/v2\/tribe_events_cat?post=6333"}],"curies":[{"name":"wp","href":"https:\/\/api.w.org\/{rel}","templated":true}]}}

<p class="western" lang="de-DE" style="margin-bottom: 0cm;"><span style="font-family: Arial,sans-serif;">Sophie belauscht zufällig einen geheimen Hexenkongress, bei dem die Hexen böse Pläne schmieden. Zum Glück gibt es aber nicht nur böse Hexen – das weiß Sophie, denn sie hat viel über Hexen gelesen. Und so macht sich unsere Heldin auf, um Hexen zu suchen, die ihr dabei helfen, die bösen Zaubersprüche in gute zu verwandeln.</span></p>
<p class="western" lang="de-DE" style="margin-bottom: 0cm;"><span style="font-family: Arial,sans-serif;">Wird es ihr gelingen?</span></p>
<p class="western" lang="de-DE" style="margin-bottom: 0cm;"><span style="font-family: Arial,sans-serif;">Das Ensemble Schallfeld präsentiert mit „Hokuspokus Musikus“ ein neues Musiktheaterstück voller „zauberhafter“ Klänge, inspiriert von der fantastischen Bilderwelt bekannter Kinderbuchklassiker. Das Projekt wird ermöglicht durch Unterstützung des EU-Förderprogramms „Jugend in Aktion“.</span></p>
<p class="western" lang="de-DE" style="margin-bottom: 0cm;"><span style="font-family: Arial,sans-serif;">Geeignet für Kinder ab 6 Jahren</span></p>
<p class="western" lang="de-DE" style="margin-bottom: 0cm;"><em><span style="font-family: Arial,sans-serif;"><span lang="en-GB">Dieses Projekt wurde mit Unterstützung der Europäischen Kommission finanziert. Die Verantwortung für den Inhalt dieser Veröffentlichung (Mitteilung) trägt allein der Verfasser; die Kommission haftet nicht für die weitere Verwendung der darin enthaltenen Angaben.</span></span></em></p>
<p class="western" lang="de-DE" style="margin-bottom: 0cm;"><em><span style="font-family: Arial,sans-serif;"><span lang="en-GB">Wir bedanken uns bei unseren Förderern und Partnern, ohne die dieses Projekt nicht möglich wäre.</span></span></em></p>
<p style="line-height: 21px; color: #444444; font-size: 15px;">

<p>Sophie belauscht zufällig einen geheimen Hexenkongress, bei dem die Hexen böse Pläne schmieden. Zum Glück gibt es aber nicht nur böse Hexen – das weiß Sophie, denn sie hat viel [&hellip;]</p>
<p><a href="https://www.schallfeldensemble.com/de/event/hokuspokus-musikus-eine-szenisch-musikalische-zaubergeschichte/" class="more-link style3-button">Weiterlesen</a></p>
