{"id":6336,"date":"2021-12-06T00:25:38","date_gmt":"2021-12-06T00:25:38","guid":{"rendered":"https:\/\/pruebas.nouensemble.com\/event\/fuer-die-huegel-musik-der-gegenwart\/"},"modified":"2021-12-06T00:25:38","modified_gmt":"2021-12-06T00:25:38","slug":"fuer-die-huegel-musik-der-gegenwart","status":"publish","type":"tribe_events","link":"https:\/\/www.schallfeldensemble.com\/de\/event\/fuer-die-huegel-musik-der-gegenwart\/","title":{"rendered":"f\u00fcr die h\u00fcgel &#8211; Musik der Gegenwart"},"content":{"rendered":"<p><span class=\"translationEligibleUserMessage\"><span class=\"userContent\"><span class=\"text_exposed_show\">Kurz nach den Ostertagen l\u00e4dt Schallfeld zu einem stillen Abend des H\u00f6rens, Horchens, Lauschens.<\/span><\/span><\/span><\/p>\n<p>In der Dominikuskapelle der St.Andr\u00e4kirche erklingt neue Musik von drei jungen Grazer KomponistInnen, die die Grenzbereiche zwischen Klang, Stille und Ger\u00e4usch erkunden. Im Dialog mit neuen Kl\u00e4ngen erscheint der<br \/>\naltehrw\u00fcrdige Kirchenraum in einem neuen Licht.<\/p>\n<p>Adam McCartney, Seongmin Ji und Daniela Fantechi haben Solo-, Duo- und Triowerke f\u00fcr diesen Abend komponiert.<\/p>\n<p>Es spielt Schallfeld in Triobesetzung:<br \/>\nElisa Azzar\u00e1 (Fl\u00f6te),<br \/>\nAnna Sabelfeld (Violine) und<br \/>\nMargarethe Maierhofer-Lischka (Kontrabass)<\/p>\n<p>&nbsp;<\/p>\n","protected":false},"excerpt":{"rendered":"<p>Kurz nach den Ostertagen l\u00e4dt Schallfeld zu einem stillen Abend des H\u00f6rens, Horchens, Lauschens. In der Dominikuskapelle der St.Andr\u00e4kirche erklingt neue Musik von drei jungen Grazer KomponistInnen, die die Grenzbereiche [&hellip;]<\/p>\n<p><a href=\"https:\/\/www.schallfeldensemble.com\/de\/event\/fuer-die-huegel-musik-der-gegenwart\/\" class=\"more-link style3-button\">Weiterlesen<\/a><\/p>","protected":false},"author":1,"featured_media":0,"template":"","meta":{"_tribe_events_status":"","_tribe_events_status_reason":"","footnotes":""},"tags":[],"tribe_events_cat":[],"class_list":["post-6336","tribe_events","type-tribe_events","status-publish","hentry"],"_links":{"self":[{"href":"https:\/\/www.schallfeldensemble.com\/de\/wp-json\/wp\/v2\/tribe_events\/6336","targetHints":{"allow":["GET"]}}],"collection":[{"href":"https:\/\/www.schallfeldensemble.com\/de\/wp-json\/wp\/v2\/tribe_events"}],"about":[{"href":"https:\/\/www.schallfeldensemble.com\/de\/wp-json\/wp\/v2\/types\/tribe_events"}],"author":[{"embeddable":true,"href":"https:\/\/www.schallfeldensemble.com\/de\/wp-json\/wp\/v2\/users\/1"}],"version-history":[{"count":0,"href":"https:\/\/www.schallfeldensemble.com\/de\/wp-json\/wp\/v2\/tribe_events\/6336\/revisions"}],"wp:attachment":[{"href":"https:\/\/www.schallfeldensemble.com\/de\/wp-json\/wp\/v2\/media?parent=6336"}],"wp:term":[{"taxonomy":"post_tag","embeddable":true,"href":"https:\/\/www.schallfeldensemble.com\/de\/wp-json\/wp\/v2\/tags?post=6336"},{"taxonomy":"tribe_events_cat","embeddable":true,"href":"https:\/\/www.schallfeldensemble.com\/de\/wp-json\/wp\/v2\/tribe_events_cat?post=6336"}],"curies":[{"name":"wp","href":"https:\/\/api.w.org\/{rel}","templated":true}]}}

für die hügel &#8211; Musik der Gegenwart

<p><span class="translationEligibleUserMessage"><span class="userContent"><span class="text_exposed_show">Kurz nach den Ostertagen lädt Schallfeld zu einem stillen Abend des Hörens, Horchens, Lauschens.</span></span></span></p>
<p>In der Dominikuskapelle der St.Andräkirche erklingt neue Musik von drei jungen Grazer KomponistInnen, die die Grenzbereiche zwischen Klang, Stille und Geräusch erkunden. Im Dialog mit neuen Klängen erscheint der<br />
altehrwürdige Kirchenraum in einem neuen Licht.</p>
<p>Adam McCartney, Seongmin Ji und Daniela Fantechi haben Solo-, Duo- und Triowerke für diesen Abend komponiert.</p>
<p>Es spielt Schallfeld in Triobesetzung:<br />
Elisa Azzará (Flöte),<br />
Anna Sabelfeld (Violine) und<br />
Margarethe Maierhofer-Lischka (Kontrabass)</p>
<p>&nbsp;</p>

<p>Kurz nach den Ostertagen lädt Schallfeld zu einem stillen Abend des Hörens, Horchens, Lauschens. In der Dominikuskapelle der St.Andräkirche erklingt neue Musik von drei jungen Grazer KomponistInnen, die die Grenzbereiche [&hellip;]</p>
<p><a href="https://www.schallfeldensemble.com/de/event/fuer-die-huegel-musik-der-gegenwart/" class="more-link style3-button">Weiterlesen</a></p>
