{"id":6342,"date":"2021-12-06T00:32:39","date_gmt":"2021-12-06T00:32:39","guid":{"rendered":"https:\/\/pruebas.nouensemble.com\/event\/mojza-nebenzuel-oder-warum-auch-boese-plaene-ein-gutes-ende-haben-koennen\/"},"modified":"2021-12-06T00:32:39","modified_gmt":"2021-12-06T00:32:39","slug":"mojza-nebenzuel-oder-warum-auch-boese-plaene-ein-gutes-ende-haben-koennen","status":"publish","type":"tribe_events","link":"https:\/\/www.schallfeldensemble.com\/de\/event\/mojza-nebenzuel-oder-warum-auch-boese-plaene-ein-gutes-ende-haben-koennen\/","title":{"rendered":"Mojza Nebenz\u00fcl oder Warum auch b\u00f6se Pl\u00e4ne ein gutes Ende haben k\u00f6nnen"},"content":{"rendered":"<p>Es war einmal vor langer Zeit in einem Haus mitten im Wald \u2026 als wir noch mit den Tieren sprechen konnten. Eine spannende Fabel aus Slowenien mit live gespielter instrumentaler Begleitung. Zum Miterleben erz\u00e4hlt und musiziert vom jungen Musikerkollektiv Schallfeld.<br \/>\nLeitung: Matej Bunderla, Saxophon und Margarethe Maierhofer-Lischka, Kontrabass<\/p>\n","protected":false},"excerpt":{"rendered":"<p>Es war einmal vor langer Zeit in einem Haus mitten im Wald \u2026 als wir noch mit den Tieren sprechen konnten. Eine spannende Fabel aus Slowenien mit live gespielter instrumentaler [&hellip;]<\/p>\n<p><a href=\"https:\/\/www.schallfeldensemble.com\/de\/event\/mojza-nebenzuel-oder-warum-auch-boese-plaene-ein-gutes-ende-haben-koennen\/\" class=\"more-link style3-button\">Weiterlesen<\/a><\/p>","protected":false},"author":1,"featured_media":0,"template":"","meta":{"_tribe_events_status":"","_tribe_events_status_reason":"","footnotes":""},"tags":[],"tribe_events_cat":[161],"class_list":["post-6342","tribe_events","type-tribe_events","status-publish","hentry","tribe_events_cat-musikvermittlung-de","cat_musikvermittlung-de"],"_links":{"self":[{"href":"https:\/\/www.schallfeldensemble.com\/de\/wp-json\/wp\/v2\/tribe_events\/6342","targetHints":{"allow":["GET"]}}],"collection":[{"href":"https:\/\/www.schallfeldensemble.com\/de\/wp-json\/wp\/v2\/tribe_events"}],"about":[{"href":"https:\/\/www.schallfeldensemble.com\/de\/wp-json\/wp\/v2\/types\/tribe_events"}],"author":[{"embeddable":true,"href":"https:\/\/www.schallfeldensemble.com\/de\/wp-json\/wp\/v2\/users\/1"}],"version-history":[{"count":0,"href":"https:\/\/www.schallfeldensemble.com\/de\/wp-json\/wp\/v2\/tribe_events\/6342\/revisions"}],"wp:attachment":[{"href":"https:\/\/www.schallfeldensemble.com\/de\/wp-json\/wp\/v2\/media?parent=6342"}],"wp:term":[{"taxonomy":"post_tag","embeddable":true,"href":"https:\/\/www.schallfeldensemble.com\/de\/wp-json\/wp\/v2\/tags?post=6342"},{"taxonomy":"tribe_events_cat","embeddable":true,"href":"https:\/\/www.schallfeldensemble.com\/de\/wp-json\/wp\/v2\/tribe_events_cat?post=6342"}],"curies":[{"name":"wp","href":"https:\/\/api.w.org\/{rel}","templated":true}]}}

Mojza Nebenzül oder Warum auch böse Pläne ein gutes Ende haben können

<p>Es war einmal vor langer Zeit in einem Haus mitten im Wald … als wir noch mit den Tieren sprechen konnten. Eine spannende Fabel aus Slowenien mit live gespielter instrumentaler Begleitung. Zum Miterleben erzählt und musiziert vom jungen Musikerkollektiv Schallfeld.<br />
Leitung: Matej Bunderla, Saxophon und Margarethe Maierhofer-Lischka, Kontrabass</p>
