{"id":6344,"date":"2021-12-06T00:37:26","date_gmt":"2021-12-06T00:37:26","guid":{"rendered":"https:\/\/pruebas.nouensemble.com\/event\/schallfeld-ensemble-debuet-konzert\/"},"modified":"2021-12-06T00:37:26","modified_gmt":"2021-12-06T00:37:26","slug":"schallfeld-ensemble-debuet-konzert","status":"publish","type":"tribe_events","link":"https:\/\/www.schallfeldensemble.com\/de\/event\/schallfeld-ensemble-debuet-konzert\/","title":{"rendered":"Schallfeld Ensemble Deb\u00fct-Konzert"},"content":{"rendered":"<h2><\/h2>\n<h2>Programm<\/h2>\n<p id=\"yui_3_13_0_rc_1_1_1382534192073_1554\">George Crumb:\u00a0\u00a0<em>Eleven echoes of autumn<\/em><\/p>\n<p id=\"yui_3_13_0_rc_1_1_1382534192073_1921\">Frederick Neyrinck:\u00a0<em>Landscape construction III<\/em><\/p>\n<p>Javier Quislant:<em>\u00a0Materia &#8211; imagen<\/em><\/p>\n<div id=\"yui_3_13_0_rc_1_1_1382534192073_1929\">Georg Friedrich Haas:<em>\u00a0Ins licht<\/em><\/div>\n<p>Charris Efthimiou:\u00a0<em>La mer II<\/em><\/p>\n<p id=\"yui_3_13_0_rc_1_1_1382534192073_1928\">Beat Furrer:\u00a0<em>Trio<\/em><\/p>\n<p>&nbsp;<\/p>\n<p>Gef\u00f6rdertes Sonderprojekt der \u00d6sterreichischen H\u00f6chsch\u00fclerInnenschaft<\/p>\n<div><\/div>\n<div><\/div>\n<div><\/div>\n<div><\/div>\n","protected":false},"excerpt":{"rendered":"<p>Programm George Crumb:\u00a0\u00a0Eleven echoes of autumn Frederick Neyrinck:\u00a0Landscape construction III Javier Quislant:\u00a0Materia &#8211; imagen Georg Friedrich Haas:\u00a0Ins licht Charris Efthimiou:\u00a0La mer II Beat Furrer:\u00a0Trio &nbsp; Gef\u00f6rdertes Sonderprojekt der \u00d6sterreichischen H\u00f6chsch\u00fclerInnenschaft<\/p>\n<p><a href=\"https:\/\/www.schallfeldensemble.com\/de\/event\/schallfeld-ensemble-debuet-konzert\/\" class=\"more-link style3-button\">Weiterlesen<\/a><\/p>","protected":false},"author":1,"featured_media":0,"template":"","meta":{"_tribe_events_status":"","_tribe_events_status_reason":"","footnotes":""},"tags":[],"tribe_events_cat":[],"class_list":["post-6344","tribe_events","type-tribe_events","status-publish","hentry"],"_links":{"self":[{"href":"https:\/\/www.schallfeldensemble.com\/de\/wp-json\/wp\/v2\/tribe_events\/6344","targetHints":{"allow":["GET"]}}],"collection":[{"href":"https:\/\/www.schallfeldensemble.com\/de\/wp-json\/wp\/v2\/tribe_events"}],"about":[{"href":"https:\/\/www.schallfeldensemble.com\/de\/wp-json\/wp\/v2\/types\/tribe_events"}],"author":[{"embeddable":true,"href":"https:\/\/www.schallfeldensemble.com\/de\/wp-json\/wp\/v2\/users\/1"}],"version-history":[{"count":0,"href":"https:\/\/www.schallfeldensemble.com\/de\/wp-json\/wp\/v2\/tribe_events\/6344\/revisions"}],"wp:attachment":[{"href":"https:\/\/www.schallfeldensemble.com\/de\/wp-json\/wp\/v2\/media?parent=6344"}],"wp:term":[{"taxonomy":"post_tag","embeddable":true,"href":"https:\/\/www.schallfeldensemble.com\/de\/wp-json\/wp\/v2\/tags?post=6344"},{"taxonomy":"tribe_events_cat","embeddable":true,"href":"https:\/\/www.schallfeldensemble.com\/de\/wp-json\/wp\/v2\/tribe_events_cat?post=6344"}],"curies":[{"name":"wp","href":"https:\/\/api.w.org\/{rel}","templated":true}]}}

Schallfeld Ensemble Debüt-Konzert

<h2></h2>
<h2>Programm</h2>
<p id="yui_3_13_0_rc_1_1_1382534192073_1554">George Crumb:  <em>Eleven echoes of autumn</em></p>
<p id="yui_3_13_0_rc_1_1_1382534192073_1921">Frederick Neyrinck: <em>Landscape construction III</em></p>
<p>Javier Quislant:<em> Materia &#8211; imagen</em></p>
<div id="yui_3_13_0_rc_1_1_1382534192073_1929">Georg Friedrich Haas:<em> Ins licht</em></div>
<p>Charris Efthimiou: <em>La mer II</em></p>
<p id="yui_3_13_0_rc_1_1_1382534192073_1928">Beat Furrer: <em>Trio</em></p>
<p>&nbsp;</p>
<p>Gefördertes Sonderprojekt der Österreichischen HöchschülerInnenschaft</p>
<div></div>
<div></div>
<div></div>
<div></div>

<p>Programm George Crumb:  Eleven echoes of autumn Frederick Neyrinck: Landscape construction III Javier Quislant: Materia &#8211; imagen Georg Friedrich Haas: Ins licht Charris Efthimiou: La mer II Beat Furrer: Trio &nbsp; Gefördertes Sonderprojekt der Österreichischen HöchschülerInnenschaft</p>
<p><a href="https://www.schallfeldensemble.com/de/event/schallfeld-ensemble-debuet-konzert/" class="more-link style3-button">Weiterlesen</a></p>
